{"id":24223,"date":"2025-09-29T14:18:06","date_gmt":"2025-09-29T12:18:06","guid":{"rendered":"https:\/\/www.scott.fr\/?post_type=product&#038;p=24223"},"modified":"2025-12-08T23:53:02","modified_gmt":"2025-12-08T22:53:02","slug":"doudoune-dorina-marine","status":"publish","type":"product","link":"https:\/\/www.scott.fr\/index.php\/produit\/doudoune-dorina-marine\/","title":{"rendered":"DOUDOUNE DORINA MARINE"},"content":{"rendered":"<p>D\u00e9couvrez notre doudoune longue Bella de couleur marine imperm\u00e9able pour femmes, une alliance parfaite entre style et fonctionnalit\u00e9. Avec son col montant, son zip central \u00e9tanche, ses nombreuses poches, sa capuche avec fourrure amovible, zip d&#8217;aisance sur les c\u00f4t\u00e9s en bas, poignets int\u00e9rieurs en bord-c\u00f4tes en bas des manches, col int\u00e9rieur en polaire elle est con\u00e7ue pour vous garder au chaud tout en restant \u00e9l\u00e9gante. Les poches zipp\u00e9es lat\u00e9rales et les poches int\u00e9rieures offrent un espace pratique pour ranger vos essentiels. Le logo badge discret \u00e0 la manche ajoute une touche de distinction \u00e0 cette doudoune qui ne fait aucun compromis sur le style. Fabriqu\u00e9e \u00e0 partir de 100% de Nylon de haute qualit\u00e9, elle est pr\u00eate \u00e0 vous accompagner en hiver. Optez pour la polyvalence et le confort avec notre doudoune longue Dorina.<\/p>\n","protected":false},"excerpt":{"rendered":"<p>D\u00e9couvrez notre doudoune longue Bella de couleur marine imperm\u00e9able pour femmes, une alliance parfaite entre style et fonctionnalit\u00e9. Avec son col montant, son zip central \u00e9tanche, ses nombreuses poches, sa capuche avec fourrure amovible, zip d&#8217;aisance sur les c\u00f4t\u00e9s en bas, poignets int\u00e9rieurs en bord-c\u00f4tes en bas des manches, col int\u00e9rieur en polaire elle est con\u00e7ue pour vous garder au chaud tout en restant \u00e9l\u00e9gante. Les poches zipp\u00e9es lat\u00e9rales et les poches int\u00e9rieures offrent un espace pratique pour ranger vos essentiels. Le logo badge discret \u00e0 la manche ajoute une touche de distinction \u00e0 cette doudoune qui ne fait aucun compromis sur le style. Fabriqu\u00e9e \u00e0 partir de 100% de Nylon de haute qualit\u00e9, elle est pr\u00eate \u00e0 vous accompagner en hiver. Optez pour la polyvalence et le confort avec notre doudoune longue Dorina.<\/p>\n<p>Composition: 100% Nylon<\/p>\n<p>Lavage: 30\u00b0 en machine<br \/>\nLogo: SCOTT<br \/>\nMannequin mesure 1m70 porte la taille M<\/p>\n","protected":false},"featured_media":24218,"comment_status":"open","ping_status":"closed","template":"","meta":{"_monsterinsights_skip_tracking":false,"_monsterinsights_sitenote_active":false,"_monsterinsights_sitenote_note":"","_monsterinsights_sitenote_category":0,"_themeisle_gutenberg_block_has_review":false,"_kad_post_transparent":"default","_kad_post_title":"","_kad_post_layout":"default","_kad_post_sidebar_id":"","_kad_post_content_style":"default","_kad_post_vertical_padding":"default","_kad_post_feature":"","_kad_post_feature_position":"","_kad_post_header":false,"_kad_post_footer":false},"product_cat":[75,17],"product_tag":[],"acf":[],"yoast_head":"<!-- This site is optimized with the Yoast SEO plugin v20.8 - https:\/\/yoast.com\/wordpress\/plugins\/seo\/ -->\n<title>DOUDOUNE DORINA MARINE - SCOTT<\/title>\n<meta name=\"description\" content=\"D\u00e9couvrez notre doudoune longue Bella de couleur marine imperm\u00e9able pour femmes, une alliance parfaite entre style et fonctionnalit\u00e9. Avec son col montant, son zip central \u00e9tanche, ses nombreuses poches, sa capuche avec fourrure amovible, zip d&#039;aisance sur les c\u00f4t\u00e9s en bas, poignets int\u00e9rieurs en bord-c\u00f4tes en bas des manches, col int\u00e9rieur en polaire elle est con\u00e7ue pour vous garder au chaud tout en restant \u00e9l\u00e9gante. Les poches zipp\u00e9es lat\u00e9rales et les poches int\u00e9rieures offrent un espace pratique pour ranger vos essentiels. Le logo badge discret \u00e0 la manche ajoute une touche de distinction \u00e0 cette doudoune qui ne fait aucun compromis sur le style. Fabriqu\u00e9e \u00e0 partir de 100% de Nylon de haute qualit\u00e9, elle est pr\u00eate \u00e0 vous accompagner en hiver. Optez pour la polyvalence et le confort avec notre doudoune longue Dorina.\" \/>\n<meta name=\"robots\" content=\"index, follow, max-snippet:-1, max-image-preview:large, max-video-preview:-1\" \/>\n<link rel=\"canonical\" href=\"https:\/\/www.scott.fr\/index.php\/produit\/doudoune-dorina-marine\/\" \/>\n<meta property=\"og:locale\" content=\"fr_FR\" \/>\n<meta property=\"og:type\" content=\"article\" \/>\n<meta property=\"og:title\" content=\"DOUDOUNE DORINA MARINE - SCOTT\" \/>\n<meta property=\"og:description\" content=\"D\u00e9couvrez notre doudoune longue Bella de couleur marine imperm\u00e9able pour femmes, une alliance parfaite entre style et fonctionnalit\u00e9. Avec son col montant, son zip central \u00e9tanche, ses nombreuses poches, sa capuche avec fourrure amovible, zip d&#039;aisance sur les c\u00f4t\u00e9s en bas, poignets int\u00e9rieurs en bord-c\u00f4tes en bas des manches, col int\u00e9rieur en polaire elle est con\u00e7ue pour vous garder au chaud tout en restant \u00e9l\u00e9gante. Les poches zipp\u00e9es lat\u00e9rales et les poches int\u00e9rieures offrent un espace pratique pour ranger vos essentiels. Le logo badge discret \u00e0 la manche ajoute une touche de distinction \u00e0 cette doudoune qui ne fait aucun compromis sur le style. Fabriqu\u00e9e \u00e0 partir de 100% de Nylon de haute qualit\u00e9, elle est pr\u00eate \u00e0 vous accompagner en hiver. Optez pour la polyvalence et le confort avec notre doudoune longue Dorina.\" \/>\n<meta property=\"og:url\" content=\"https:\/\/www.scott.fr\/index.php\/produit\/doudoune-dorina-marine\/\" \/>\n<meta property=\"og:site_name\" content=\"SCOTT\" \/>\n<meta property=\"article:publisher\" content=\"https:\/\/www.facebook.com\/ScottBrandFr\/\" \/>\n<meta property=\"article:modified_time\" content=\"2025-12-08T22:53:02+00:00\" \/>\n<meta property=\"og:image\" content=\"https:\/\/www.scott.fr\/wp-content\/uploads\/2025\/09\/DORINA-DARK-NAVY-01.jpg\" \/>\n\t<meta property=\"og:image:width\" content=\"1100\" \/>\n\t<meta property=\"og:image:height\" content=\"1650\" \/>\n\t<meta property=\"og:image:type\" content=\"image\/jpeg\" \/>\n<meta name=\"twitter:card\" content=\"summary_large_image\" \/>\n<meta name=\"twitter:label1\" content=\"Dur\u00e9e de lecture estim\u00e9e\" \/>\n\t<meta name=\"twitter:data1\" content=\"1 minute\" \/>\n<script type=\"application\/ld+json\" class=\"yoast-schema-graph\">{\"@context\":\"https:\/\/schema.org\",\"@graph\":[{\"@type\":\"WebPage\",\"@id\":\"https:\/\/www.scott.fr\/index.php\/produit\/doudoune-dorina-marine\/\",\"url\":\"https:\/\/www.scott.fr\/index.php\/produit\/doudoune-dorina-marine\/\",\"name\":\"DOUDOUNE DORINA MARINE - SCOTT\",\"isPartOf\":{\"@id\":\"https:\/\/www.scott.fr\/#website\"},\"datePublished\":\"2025-09-29T12:18:06+00:00\",\"dateModified\":\"2025-12-08T22:53:02+00:00\",\"description\":\"D\u00e9couvrez notre doudoune longue Bella de couleur marine imperm\u00e9able pour femmes, une alliance parfaite entre style et fonctionnalit\u00e9. Avec son col montant, son zip central \u00e9tanche, ses nombreuses poches, sa capuche avec fourrure amovible, zip d'aisance sur les c\u00f4t\u00e9s en bas, poignets int\u00e9rieurs en bord-c\u00f4tes en bas des manches, col int\u00e9rieur en polaire elle est con\u00e7ue pour vous garder au chaud tout en restant \u00e9l\u00e9gante. Les poches zipp\u00e9es lat\u00e9rales et les poches int\u00e9rieures offrent un espace pratique pour ranger vos essentiels. Le logo badge discret \u00e0 la manche ajoute une touche de distinction \u00e0 cette doudoune qui ne fait aucun compromis sur le style. Fabriqu\u00e9e \u00e0 partir de 100% de Nylon de haute qualit\u00e9, elle est pr\u00eate \u00e0 vous accompagner en hiver. Optez pour la polyvalence et le confort avec notre doudoune longue Dorina.\",\"breadcrumb\":{\"@id\":\"https:\/\/www.scott.fr\/index.php\/produit\/doudoune-dorina-marine\/#breadcrumb\"},\"inLanguage\":\"fr-FR\",\"potentialAction\":[{\"@type\":\"ReadAction\",\"target\":[\"https:\/\/www.scott.fr\/index.php\/produit\/doudoune-dorina-marine\/\"]}]},{\"@type\":\"BreadcrumbList\",\"@id\":\"https:\/\/www.scott.fr\/index.php\/produit\/doudoune-dorina-marine\/#breadcrumb\",\"itemListElement\":[{\"@type\":\"ListItem\",\"position\":1,\"name\":\"Accueil\",\"item\":\"https:\/\/www.scott.fr\/\"},{\"@type\":\"ListItem\",\"position\":2,\"name\":\"Produits\",\"item\":\"https:\/\/www.scott.fr\/index.php\/shop\/\"},{\"@type\":\"ListItem\",\"position\":3,\"name\":\"DOUDOUNE DORINA MARINE\"}]},{\"@type\":\"WebSite\",\"@id\":\"https:\/\/www.scott.fr\/#website\",\"url\":\"https:\/\/www.scott.fr\/\",\"name\":\"SCOTT\",\"description\":\"Boutique de V\u00eatement Homme Femme et Enfant\",\"publisher\":{\"@id\":\"https:\/\/www.scott.fr\/#organization\"},\"potentialAction\":[{\"@type\":\"SearchAction\",\"target\":{\"@type\":\"EntryPoint\",\"urlTemplate\":\"https:\/\/www.scott.fr\/?s={search_term_string}\"},\"query-input\":\"required name=search_term_string\"}],\"inLanguage\":\"fr-FR\"},{\"@type\":\"Organization\",\"@id\":\"https:\/\/www.scott.fr\/#organization\",\"name\":\"Scott\",\"url\":\"https:\/\/www.scott.fr\/\",\"logo\":{\"@type\":\"ImageObject\",\"inLanguage\":\"fr-FR\",\"@id\":\"https:\/\/www.scott.fr\/#\/schema\/logo\/image\/\",\"url\":\"https:\/\/www.scott.fr\/wp-content\/uploads\/2021\/06\/Logo-Scott.png\",\"contentUrl\":\"https:\/\/www.scott.fr\/wp-content\/uploads\/2021\/06\/Logo-Scott.png\",\"width\":1080,\"height\":680,\"caption\":\"Scott\"},\"image\":{\"@id\":\"https:\/\/www.scott.fr\/#\/schema\/logo\/image\/\"},\"sameAs\":[\"https:\/\/www.facebook.com\/ScottBrandFr\/\",\"https:\/\/www.instagram.com\/scottbrandfr\/\"]}]}<\/script>\n<!-- \/ Yoast SEO plugin. -->","yoast_head_json":{"title":"DOUDOUNE DORINA MARINE - SCOTT","description":"D\u00e9couvrez notre doudoune longue Bella de couleur marine imperm\u00e9able pour femmes, une alliance parfaite entre style et fonctionnalit\u00e9. Avec son col montant, son zip central \u00e9tanche, ses nombreuses poches, sa capuche avec fourrure amovible, zip d'aisance sur les c\u00f4t\u00e9s en bas, poignets int\u00e9rieurs en bord-c\u00f4tes en bas des manches, col int\u00e9rieur en polaire elle est con\u00e7ue pour vous garder au chaud tout en restant \u00e9l\u00e9gante. Les poches zipp\u00e9es lat\u00e9rales et les poches int\u00e9rieures offrent un espace pratique pour ranger vos essentiels. Le logo badge discret \u00e0 la manche ajoute une touche de distinction \u00e0 cette doudoune qui ne fait aucun compromis sur le style. Fabriqu\u00e9e \u00e0 partir de 100% de Nylon de haute qualit\u00e9, elle est pr\u00eate \u00e0 vous accompagner en hiver. Optez pour la polyvalence et le confort avec notre doudoune longue Dorina.","robots":{"index":"index","follow":"follow","max-snippet":"max-snippet:-1","max-image-preview":"max-image-preview:large","max-video-preview":"max-video-preview:-1"},"canonical":"https:\/\/www.scott.fr\/index.php\/produit\/doudoune-dorina-marine\/","og_locale":"fr_FR","og_type":"article","og_title":"DOUDOUNE DORINA MARINE - SCOTT","og_description":"D\u00e9couvrez notre doudoune longue Bella de couleur marine imperm\u00e9able pour femmes, une alliance parfaite entre style et fonctionnalit\u00e9. Avec son col montant, son zip central \u00e9tanche, ses nombreuses poches, sa capuche avec fourrure amovible, zip d'aisance sur les c\u00f4t\u00e9s en bas, poignets int\u00e9rieurs en bord-c\u00f4tes en bas des manches, col int\u00e9rieur en polaire elle est con\u00e7ue pour vous garder au chaud tout en restant \u00e9l\u00e9gante. Les poches zipp\u00e9es lat\u00e9rales et les poches int\u00e9rieures offrent un espace pratique pour ranger vos essentiels. Le logo badge discret \u00e0 la manche ajoute une touche de distinction \u00e0 cette doudoune qui ne fait aucun compromis sur le style. Fabriqu\u00e9e \u00e0 partir de 100% de Nylon de haute qualit\u00e9, elle est pr\u00eate \u00e0 vous accompagner en hiver. Optez pour la polyvalence et le confort avec notre doudoune longue Dorina.","og_url":"https:\/\/www.scott.fr\/index.php\/produit\/doudoune-dorina-marine\/","og_site_name":"SCOTT","article_publisher":"https:\/\/www.facebook.com\/ScottBrandFr\/","article_modified_time":"2025-12-08T22:53:02+00:00","og_image":[{"width":1100,"height":1650,"url":"https:\/\/www.scott.fr\/wp-content\/uploads\/2025\/09\/DORINA-DARK-NAVY-01.jpg","type":"image\/jpeg"}],"twitter_card":"summary_large_image","twitter_misc":{"Dur\u00e9e de lecture estim\u00e9e":"1 minute"},"schema":{"@context":"https:\/\/schema.org","@graph":[{"@type":"WebPage","@id":"https:\/\/www.scott.fr\/index.php\/produit\/doudoune-dorina-marine\/","url":"https:\/\/www.scott.fr\/index.php\/produit\/doudoune-dorina-marine\/","name":"DOUDOUNE DORINA MARINE - SCOTT","isPartOf":{"@id":"https:\/\/www.scott.fr\/#website"},"datePublished":"2025-09-29T12:18:06+00:00","dateModified":"2025-12-08T22:53:02+00:00","description":"D\u00e9couvrez notre doudoune longue Bella de couleur marine imperm\u00e9able pour femmes, une alliance parfaite entre style et fonctionnalit\u00e9. Avec son col montant, son zip central \u00e9tanche, ses nombreuses poches, sa capuche avec fourrure amovible, zip d'aisance sur les c\u00f4t\u00e9s en bas, poignets int\u00e9rieurs en bord-c\u00f4tes en bas des manches, col int\u00e9rieur en polaire elle est con\u00e7ue pour vous garder au chaud tout en restant \u00e9l\u00e9gante. Les poches zipp\u00e9es lat\u00e9rales et les poches int\u00e9rieures offrent un espace pratique pour ranger vos essentiels. Le logo badge discret \u00e0 la manche ajoute une touche de distinction \u00e0 cette doudoune qui ne fait aucun compromis sur le style. Fabriqu\u00e9e \u00e0 partir de 100% de Nylon de haute qualit\u00e9, elle est pr\u00eate \u00e0 vous accompagner en hiver. Optez pour la polyvalence et le confort avec notre doudoune longue Dorina.","breadcrumb":{"@id":"https:\/\/www.scott.fr\/index.php\/produit\/doudoune-dorina-marine\/#breadcrumb"},"inLanguage":"fr-FR","potentialAction":[{"@type":"ReadAction","target":["https:\/\/www.scott.fr\/index.php\/produit\/doudoune-dorina-marine\/"]}]},{"@type":"BreadcrumbList","@id":"https:\/\/www.scott.fr\/index.php\/produit\/doudoune-dorina-marine\/#breadcrumb","itemListElement":[{"@type":"ListItem","position":1,"name":"Accueil","item":"https:\/\/www.scott.fr\/"},{"@type":"ListItem","position":2,"name":"Produits","item":"https:\/\/www.scott.fr\/index.php\/shop\/"},{"@type":"ListItem","position":3,"name":"DOUDOUNE DORINA MARINE"}]},{"@type":"WebSite","@id":"https:\/\/www.scott.fr\/#website","url":"https:\/\/www.scott.fr\/","name":"SCOTT","description":"Boutique de V\u00eatement Homme Femme et Enfant","publisher":{"@id":"https:\/\/www.scott.fr\/#organization"},"potentialAction":[{"@type":"SearchAction","target":{"@type":"EntryPoint","urlTemplate":"https:\/\/www.scott.fr\/?s={search_term_string}"},"query-input":"required name=search_term_string"}],"inLanguage":"fr-FR"},{"@type":"Organization","@id":"https:\/\/www.scott.fr\/#organization","name":"Scott","url":"https:\/\/www.scott.fr\/","logo":{"@type":"ImageObject","inLanguage":"fr-FR","@id":"https:\/\/www.scott.fr\/#\/schema\/logo\/image\/","url":"https:\/\/www.scott.fr\/wp-content\/uploads\/2021\/06\/Logo-Scott.png","contentUrl":"https:\/\/www.scott.fr\/wp-content\/uploads\/2021\/06\/Logo-Scott.png","width":1080,"height":680,"caption":"Scott"},"image":{"@id":"https:\/\/www.scott.fr\/#\/schema\/logo\/image\/"},"sameAs":["https:\/\/www.facebook.com\/ScottBrandFr\/","https:\/\/www.instagram.com\/scottbrandfr\/"]}]}},"_links":{"self":[{"href":"https:\/\/www.scott.fr\/index.php\/wp-json\/wp\/v2\/product\/24223"}],"collection":[{"href":"https:\/\/www.scott.fr\/index.php\/wp-json\/wp\/v2\/product"}],"about":[{"href":"https:\/\/www.scott.fr\/index.php\/wp-json\/wp\/v2\/types\/product"}],"replies":[{"embeddable":true,"href":"https:\/\/www.scott.fr\/index.php\/wp-json\/wp\/v2\/comments?post=24223"}],"version-history":[{"count":2,"href":"https:\/\/www.scott.fr\/index.php\/wp-json\/wp\/v2\/product\/24223\/revisions"}],"predecessor-version":[{"id":24230,"href":"https:\/\/www.scott.fr\/index.php\/wp-json\/wp\/v2\/product\/24223\/revisions\/24230"}],"wp:featuredmedia":[{"embeddable":true,"href":"https:\/\/www.scott.fr\/index.php\/wp-json\/wp\/v2\/media\/24218"}],"wp:attachment":[{"href":"https:\/\/www.scott.fr\/index.php\/wp-json\/wp\/v2\/media?parent=24223"}],"wp:term":[{"taxonomy":"product_cat","embeddable":true,"href":"https:\/\/www.scott.fr\/index.php\/wp-json\/wp\/v2\/product_cat?post=24223"},{"taxonomy":"product_tag","embeddable":true,"href":"https:\/\/www.scott.fr\/index.php\/wp-json\/wp\/v2\/product_tag?post=24223"}],"curies":[{"name":"wp","href":"https:\/\/api.w.org\/{rel}","templated":true}]}}