{"id":22436,"date":"2024-04-30T16:21:08","date_gmt":"2024-04-30T14:21:08","guid":{"rendered":"https:\/\/www.scott.fr\/?post_type=product&#038;p=22436"},"modified":"2026-03-17T16:25:06","modified_gmt":"2026-03-17T15:25:06","slug":"polo-pechot-bleu","status":"publish","type":"product","link":"https:\/\/www.scott.fr\/index.php\/produit\/polo-pechot-bleu\/","title":{"rendered":"POLO PECHOT BLEU"},"content":{"rendered":"<p>D\u00e9marquez vous avec notre polo Pechot bleu en coton SCOTT. Son tissu \u00e0 motif fantaisie et sa poche poitrine avec logo ajoutent une touche d&#8217;originalit\u00e9. Avec une patte boutonn\u00e9e et un col contrast\u00e9, ce polo offre un style moderne et sophistiqu\u00e9. Parfait pour une allure d\u00e9contract\u00e9e mais \u00e9l\u00e9gante.<\/p>\n","protected":false},"excerpt":{"rendered":"<p>D\u00e9marquez vous avec notre polo Pechot bleu en coton SCOTT. Son tissu \u00e0 motif fantaisie et sa poche poitrine avec logo ajoutent une touche d&#8217;originalit\u00e9. Avec une patte boutonn\u00e9e et un col contrast\u00e9, ce polo offre un style moderne et sophistiqu\u00e9. Parfait pour une allure d\u00e9contract\u00e9e mais \u00e9l\u00e9gante.<\/p>\n<p>Composition: 100% coton<br \/>\nLavage: 30\u00b0 en machine<br \/>\nLogo: SCOTT<br \/>\nMannequin mesure 1m80 porte la taille L<\/p>\n","protected":false},"featured_media":22441,"comment_status":"open","ping_status":"closed","template":"","meta":{"_monsterinsights_skip_tracking":false,"_monsterinsights_sitenote_active":false,"_monsterinsights_sitenote_note":"","_monsterinsights_sitenote_category":0,"_themeisle_gutenberg_block_has_review":false,"_kad_post_transparent":"default","_kad_post_title":"","_kad_post_layout":"default","_kad_post_sidebar_id":"","_kad_post_content_style":"default","_kad_post_vertical_padding":"default","_kad_post_feature":"","_kad_post_feature_position":"","_kad_post_header":false,"_kad_post_footer":false},"product_cat":[16,78,20],"product_tag":[],"acf":[],"yoast_head":"<!-- This site is optimized with the Yoast SEO plugin v20.8 - https:\/\/yoast.com\/wordpress\/plugins\/seo\/ -->\n<title>POLO PECHOT BLEU SCOTT<\/title>\n<meta name=\"description\" content=\"D\u00e9marquez vous avec notre polo Pechot bleu en coton SCOTT. Son tissu \u00e0 motif fantaisie et sa poche poitrine avec logo ajoutent une touche d&#039;originalit\u00e9. Avec une patte boutonn\u00e9e et un col contrast\u00e9, ce polo offre un style moderne et sophistiqu\u00e9. Parfait pour une allure d\u00e9contract\u00e9e mais \u00e9l\u00e9gante.\" \/>\n<meta name=\"robots\" content=\"index, follow, max-snippet:-1, max-image-preview:large, max-video-preview:-1\" \/>\n<link rel=\"canonical\" href=\"https:\/\/www.scott.fr\/index.php\/produit\/polo-pechot-bleu\/\" \/>\n<meta property=\"og:locale\" content=\"fr_FR\" \/>\n<meta property=\"og:type\" content=\"article\" \/>\n<meta property=\"og:title\" content=\"POLO PECHOT BLEU SCOTT\" \/>\n<meta property=\"og:description\" content=\"D\u00e9marquez vous avec notre polo Pechot bleu en coton SCOTT. Son tissu \u00e0 motif fantaisie et sa poche poitrine avec logo ajoutent une touche d&#039;originalit\u00e9. Avec une patte boutonn\u00e9e et un col contrast\u00e9, ce polo offre un style moderne et sophistiqu\u00e9. Parfait pour une allure d\u00e9contract\u00e9e mais \u00e9l\u00e9gante.\" \/>\n<meta property=\"og:url\" content=\"https:\/\/www.scott.fr\/index.php\/produit\/polo-pechot-bleu\/\" \/>\n<meta property=\"og:site_name\" content=\"SCOTT\" \/>\n<meta property=\"article:publisher\" content=\"https:\/\/www.facebook.com\/ScottBrandFr\/\" \/>\n<meta property=\"article:modified_time\" content=\"2026-03-17T15:25:06+00:00\" \/>\n<meta property=\"og:image\" content=\"https:\/\/www.scott.fr\/wp-content\/uploads\/2024\/03\/PechoPoloCobalt1.jpg\" \/>\n\t<meta property=\"og:image:width\" content=\"1000\" \/>\n\t<meta property=\"og:image:height\" content=\"1500\" \/>\n\t<meta property=\"og:image:type\" content=\"image\/jpeg\" \/>\n<meta name=\"twitter:card\" content=\"summary_large_image\" \/>\n<meta name=\"twitter:label1\" content=\"Dur\u00e9e de lecture estim\u00e9e\" \/>\n\t<meta name=\"twitter:data1\" content=\"1 minute\" \/>\n<script type=\"application\/ld+json\" class=\"yoast-schema-graph\">{\"@context\":\"https:\/\/schema.org\",\"@graph\":[{\"@type\":\"WebPage\",\"@id\":\"https:\/\/www.scott.fr\/index.php\/produit\/polo-pechot-bleu\/\",\"url\":\"https:\/\/www.scott.fr\/index.php\/produit\/polo-pechot-bleu\/\",\"name\":\"POLO PECHOT BLEU SCOTT\",\"isPartOf\":{\"@id\":\"https:\/\/www.scott.fr\/#website\"},\"datePublished\":\"2024-04-30T14:21:08+00:00\",\"dateModified\":\"2026-03-17T15:25:06+00:00\",\"description\":\"D\u00e9marquez vous avec notre polo Pechot bleu en coton SCOTT. Son tissu \u00e0 motif fantaisie et sa poche poitrine avec logo ajoutent une touche d'originalit\u00e9. Avec une patte boutonn\u00e9e et un col contrast\u00e9, ce polo offre un style moderne et sophistiqu\u00e9. Parfait pour une allure d\u00e9contract\u00e9e mais \u00e9l\u00e9gante.\",\"breadcrumb\":{\"@id\":\"https:\/\/www.scott.fr\/index.php\/produit\/polo-pechot-bleu\/#breadcrumb\"},\"inLanguage\":\"fr-FR\",\"potentialAction\":[{\"@type\":\"ReadAction\",\"target\":[\"https:\/\/www.scott.fr\/index.php\/produit\/polo-pechot-bleu\/\"]}]},{\"@type\":\"BreadcrumbList\",\"@id\":\"https:\/\/www.scott.fr\/index.php\/produit\/polo-pechot-bleu\/#breadcrumb\",\"itemListElement\":[{\"@type\":\"ListItem\",\"position\":1,\"name\":\"Accueil\",\"item\":\"https:\/\/www.scott.fr\/\"},{\"@type\":\"ListItem\",\"position\":2,\"name\":\"Produits\",\"item\":\"https:\/\/www.scott.fr\/index.php\/shop\/\"},{\"@type\":\"ListItem\",\"position\":3,\"name\":\"POLO PECHOT BLEU\"}]},{\"@type\":\"WebSite\",\"@id\":\"https:\/\/www.scott.fr\/#website\",\"url\":\"https:\/\/www.scott.fr\/\",\"name\":\"SCOTT\",\"description\":\"Boutique de V\u00eatement Homme Femme et Enfant\",\"publisher\":{\"@id\":\"https:\/\/www.scott.fr\/#organization\"},\"potentialAction\":[{\"@type\":\"SearchAction\",\"target\":{\"@type\":\"EntryPoint\",\"urlTemplate\":\"https:\/\/www.scott.fr\/?s={search_term_string}\"},\"query-input\":\"required name=search_term_string\"}],\"inLanguage\":\"fr-FR\"},{\"@type\":\"Organization\",\"@id\":\"https:\/\/www.scott.fr\/#organization\",\"name\":\"Scott\",\"url\":\"https:\/\/www.scott.fr\/\",\"logo\":{\"@type\":\"ImageObject\",\"inLanguage\":\"fr-FR\",\"@id\":\"https:\/\/www.scott.fr\/#\/schema\/logo\/image\/\",\"url\":\"https:\/\/www.scott.fr\/wp-content\/uploads\/2021\/06\/Logo-Scott.png\",\"contentUrl\":\"https:\/\/www.scott.fr\/wp-content\/uploads\/2021\/06\/Logo-Scott.png\",\"width\":1080,\"height\":680,\"caption\":\"Scott\"},\"image\":{\"@id\":\"https:\/\/www.scott.fr\/#\/schema\/logo\/image\/\"},\"sameAs\":[\"https:\/\/www.facebook.com\/ScottBrandFr\/\",\"https:\/\/www.instagram.com\/scottbrandfr\/\"]}]}<\/script>\n<!-- \/ Yoast SEO plugin. -->","yoast_head_json":{"title":"POLO PECHOT BLEU SCOTT","description":"D\u00e9marquez vous avec notre polo Pechot bleu en coton SCOTT. Son tissu \u00e0 motif fantaisie et sa poche poitrine avec logo ajoutent une touche d'originalit\u00e9. Avec une patte boutonn\u00e9e et un col contrast\u00e9, ce polo offre un style moderne et sophistiqu\u00e9. Parfait pour une allure d\u00e9contract\u00e9e mais \u00e9l\u00e9gante.","robots":{"index":"index","follow":"follow","max-snippet":"max-snippet:-1","max-image-preview":"max-image-preview:large","max-video-preview":"max-video-preview:-1"},"canonical":"https:\/\/www.scott.fr\/index.php\/produit\/polo-pechot-bleu\/","og_locale":"fr_FR","og_type":"article","og_title":"POLO PECHOT BLEU SCOTT","og_description":"D\u00e9marquez vous avec notre polo Pechot bleu en coton SCOTT. Son tissu \u00e0 motif fantaisie et sa poche poitrine avec logo ajoutent une touche d'originalit\u00e9. Avec une patte boutonn\u00e9e et un col contrast\u00e9, ce polo offre un style moderne et sophistiqu\u00e9. Parfait pour une allure d\u00e9contract\u00e9e mais \u00e9l\u00e9gante.","og_url":"https:\/\/www.scott.fr\/index.php\/produit\/polo-pechot-bleu\/","og_site_name":"SCOTT","article_publisher":"https:\/\/www.facebook.com\/ScottBrandFr\/","article_modified_time":"2026-03-17T15:25:06+00:00","og_image":[{"width":1000,"height":1500,"url":"https:\/\/www.scott.fr\/wp-content\/uploads\/2024\/03\/PechoPoloCobalt1.jpg","type":"image\/jpeg"}],"twitter_card":"summary_large_image","twitter_misc":{"Dur\u00e9e de lecture estim\u00e9e":"1 minute"},"schema":{"@context":"https:\/\/schema.org","@graph":[{"@type":"WebPage","@id":"https:\/\/www.scott.fr\/index.php\/produit\/polo-pechot-bleu\/","url":"https:\/\/www.scott.fr\/index.php\/produit\/polo-pechot-bleu\/","name":"POLO PECHOT BLEU SCOTT","isPartOf":{"@id":"https:\/\/www.scott.fr\/#website"},"datePublished":"2024-04-30T14:21:08+00:00","dateModified":"2026-03-17T15:25:06+00:00","description":"D\u00e9marquez vous avec notre polo Pechot bleu en coton SCOTT. Son tissu \u00e0 motif fantaisie et sa poche poitrine avec logo ajoutent une touche d'originalit\u00e9. Avec une patte boutonn\u00e9e et un col contrast\u00e9, ce polo offre un style moderne et sophistiqu\u00e9. Parfait pour une allure d\u00e9contract\u00e9e mais \u00e9l\u00e9gante.","breadcrumb":{"@id":"https:\/\/www.scott.fr\/index.php\/produit\/polo-pechot-bleu\/#breadcrumb"},"inLanguage":"fr-FR","potentialAction":[{"@type":"ReadAction","target":["https:\/\/www.scott.fr\/index.php\/produit\/polo-pechot-bleu\/"]}]},{"@type":"BreadcrumbList","@id":"https:\/\/www.scott.fr\/index.php\/produit\/polo-pechot-bleu\/#breadcrumb","itemListElement":[{"@type":"ListItem","position":1,"name":"Accueil","item":"https:\/\/www.scott.fr\/"},{"@type":"ListItem","position":2,"name":"Produits","item":"https:\/\/www.scott.fr\/index.php\/shop\/"},{"@type":"ListItem","position":3,"name":"POLO PECHOT BLEU"}]},{"@type":"WebSite","@id":"https:\/\/www.scott.fr\/#website","url":"https:\/\/www.scott.fr\/","name":"SCOTT","description":"Boutique de V\u00eatement Homme Femme et Enfant","publisher":{"@id":"https:\/\/www.scott.fr\/#organization"},"potentialAction":[{"@type":"SearchAction","target":{"@type":"EntryPoint","urlTemplate":"https:\/\/www.scott.fr\/?s={search_term_string}"},"query-input":"required name=search_term_string"}],"inLanguage":"fr-FR"},{"@type":"Organization","@id":"https:\/\/www.scott.fr\/#organization","name":"Scott","url":"https:\/\/www.scott.fr\/","logo":{"@type":"ImageObject","inLanguage":"fr-FR","@id":"https:\/\/www.scott.fr\/#\/schema\/logo\/image\/","url":"https:\/\/www.scott.fr\/wp-content\/uploads\/2021\/06\/Logo-Scott.png","contentUrl":"https:\/\/www.scott.fr\/wp-content\/uploads\/2021\/06\/Logo-Scott.png","width":1080,"height":680,"caption":"Scott"},"image":{"@id":"https:\/\/www.scott.fr\/#\/schema\/logo\/image\/"},"sameAs":["https:\/\/www.facebook.com\/ScottBrandFr\/","https:\/\/www.instagram.com\/scottbrandfr\/"]}]}},"_links":{"self":[{"href":"https:\/\/www.scott.fr\/index.php\/wp-json\/wp\/v2\/product\/22436"}],"collection":[{"href":"https:\/\/www.scott.fr\/index.php\/wp-json\/wp\/v2\/product"}],"about":[{"href":"https:\/\/www.scott.fr\/index.php\/wp-json\/wp\/v2\/types\/product"}],"replies":[{"embeddable":true,"href":"https:\/\/www.scott.fr\/index.php\/wp-json\/wp\/v2\/comments?post=22436"}],"version-history":[{"count":4,"href":"https:\/\/www.scott.fr\/index.php\/wp-json\/wp\/v2\/product\/22436\/revisions"}],"predecessor-version":[{"id":23190,"href":"https:\/\/www.scott.fr\/index.php\/wp-json\/wp\/v2\/product\/22436\/revisions\/23190"}],"wp:featuredmedia":[{"embeddable":true,"href":"https:\/\/www.scott.fr\/index.php\/wp-json\/wp\/v2\/media\/22441"}],"wp:attachment":[{"href":"https:\/\/www.scott.fr\/index.php\/wp-json\/wp\/v2\/media?parent=22436"}],"wp:term":[{"taxonomy":"product_cat","embeddable":true,"href":"https:\/\/www.scott.fr\/index.php\/wp-json\/wp\/v2\/product_cat?post=22436"},{"taxonomy":"product_tag","embeddable":true,"href":"https:\/\/www.scott.fr\/index.php\/wp-json\/wp\/v2\/product_tag?post=22436"}],"curies":[{"name":"wp","href":"https:\/\/api.w.org\/{rel}","templated":true}]}}