{"id":19591,"date":"2023-09-20T14:35:27","date_gmt":"2023-09-20T12:35:27","guid":{"rendered":"https:\/\/www.scott.fr\/?post_type=product&#038;p=19591"},"modified":"2026-03-18T11:05:15","modified_gmt":"2026-03-18T10:05:15","slug":"sweat-kangou-bleu-marine","status":"publish","type":"product","link":"https:\/\/www.scott.fr\/index.php\/produit\/sweat-kangou-bleu-marine\/","title":{"rendered":"SWEAT KANGOU BLEU MARINE"},"content":{"rendered":"<p>Plongez dans le confort avec notre sweat Kangou bleu marine \u00e0 capuche en molleton. Dot\u00e9 de 2 poches pratiques \u00e0 l&#8217;avant, d&#8217;un lien de serrage et d&#8217;une impression logo sur la poitrine, il combine fonctionnalit\u00e9 et style. Fabriqu\u00e9 \u00e0 partir de 100% de polyester de qualit\u00e9, ce sweat est le choix id\u00e9al pour une tenue d\u00e9contract\u00e9e et \u00e9l\u00e9gante.<\/p>\n","protected":false},"excerpt":{"rendered":"<p>Plongez dans le confort avec notre sweat Kangou bleu marine \u00e0 capuche en molleton. Dot\u00e9 de 2 poches pratiques \u00e0 l&#8217;avant, d&#8217;un lien de serrage et d&#8217;une impression logo sur la poitrine, il combine fonctionnalit\u00e9 et style. Fabriqu\u00e9 \u00e0 partir de 100% de polyester de qualit\u00e9, ce sweat est le choix id\u00e9al pour une tenue d\u00e9contract\u00e9e et \u00e9l\u00e9gante.<\/p>\n<p>Composition: 100% polyester<br \/>\nLavage: 30\u00b0 en machine<br \/>\nLogo: SCOTT<br \/>\nMannequin mesure 1m80 porte la taille L<\/p>\n","protected":false},"featured_media":20383,"comment_status":"open","ping_status":"closed","template":"","meta":{"_monsterinsights_skip_tracking":false,"_monsterinsights_sitenote_active":false,"_monsterinsights_sitenote_note":"","_monsterinsights_sitenote_category":0,"_themeisle_gutenberg_block_has_review":false,"_kad_post_transparent":"default","_kad_post_title":"","_kad_post_layout":"default","_kad_post_sidebar_id":"","_kad_post_content_style":"default","_kad_post_vertical_padding":"default","_kad_post_feature":"","_kad_post_feature_position":"","_kad_post_header":false,"_kad_post_footer":false},"product_cat":[16,28],"product_tag":[],"acf":[],"yoast_head":"<!-- This site is optimized with the Yoast SEO plugin v20.8 - https:\/\/yoast.com\/wordpress\/plugins\/seo\/ -->\n<title>SWEAT KANGOU BLEU MARINE - SCOTT<\/title>\n<meta name=\"description\" content=\"Plongez dans le confort avec notre sweat Kangou bleu marine \u00e0 capuche en molleton. Dot\u00e9 de 2 poches pratiques \u00e0 l&#039;avant, d&#039;un lien de serrage et d&#039;une impression logo sur la poitrine, il combine fonctionnalit\u00e9 et style. Fabriqu\u00e9 \u00e0 partir de 100% de polyester de qualit\u00e9, ce sweat est le choix id\u00e9al pour une tenue d\u00e9contract\u00e9e et \u00e9l\u00e9gante.\" \/>\n<meta name=\"robots\" content=\"index, follow, max-snippet:-1, max-image-preview:large, max-video-preview:-1\" \/>\n<link rel=\"canonical\" href=\"https:\/\/www.scott.fr\/index.php\/produit\/sweat-kangou-bleu-marine\/\" \/>\n<meta property=\"og:locale\" content=\"fr_FR\" \/>\n<meta property=\"og:type\" content=\"article\" \/>\n<meta property=\"og:title\" content=\"SWEAT KANGOU BLEU MARINE - SCOTT\" \/>\n<meta property=\"og:description\" content=\"Plongez dans le confort avec notre sweat Kangou bleu marine \u00e0 capuche en molleton. Dot\u00e9 de 2 poches pratiques \u00e0 l&#039;avant, d&#039;un lien de serrage et d&#039;une impression logo sur la poitrine, il combine fonctionnalit\u00e9 et style. Fabriqu\u00e9 \u00e0 partir de 100% de polyester de qualit\u00e9, ce sweat est le choix id\u00e9al pour une tenue d\u00e9contract\u00e9e et \u00e9l\u00e9gante.\" \/>\n<meta property=\"og:url\" content=\"https:\/\/www.scott.fr\/index.php\/produit\/sweat-kangou-bleu-marine\/\" \/>\n<meta property=\"og:site_name\" content=\"SCOTT\" \/>\n<meta property=\"article:publisher\" content=\"https:\/\/www.facebook.com\/ScottBrandFr\/\" \/>\n<meta property=\"article:modified_time\" content=\"2026-03-18T10:05:15+00:00\" \/>\n<meta property=\"og:image\" content=\"https:\/\/www.scott.fr\/wp-content\/uploads\/2023\/09\/KANGOU-NAVY-01.jpg\" \/>\n\t<meta property=\"og:image:width\" content=\"1280\" \/>\n\t<meta property=\"og:image:height\" content=\"1920\" \/>\n\t<meta property=\"og:image:type\" content=\"image\/jpeg\" \/>\n<meta name=\"twitter:card\" content=\"summary_large_image\" \/>\n<meta name=\"twitter:label1\" content=\"Dur\u00e9e de lecture estim\u00e9e\" \/>\n\t<meta name=\"twitter:data1\" content=\"1 minute\" \/>\n<script type=\"application\/ld+json\" class=\"yoast-schema-graph\">{\"@context\":\"https:\/\/schema.org\",\"@graph\":[{\"@type\":\"WebPage\",\"@id\":\"https:\/\/www.scott.fr\/index.php\/produit\/sweat-kangou-bleu-marine\/\",\"url\":\"https:\/\/www.scott.fr\/index.php\/produit\/sweat-kangou-bleu-marine\/\",\"name\":\"SWEAT KANGOU BLEU MARINE - SCOTT\",\"isPartOf\":{\"@id\":\"https:\/\/www.scott.fr\/#website\"},\"datePublished\":\"2023-09-20T12:35:27+00:00\",\"dateModified\":\"2026-03-18T10:05:15+00:00\",\"description\":\"Plongez dans le confort avec notre sweat Kangou bleu marine \u00e0 capuche en molleton. Dot\u00e9 de 2 poches pratiques \u00e0 l'avant, d'un lien de serrage et d'une impression logo sur la poitrine, il combine fonctionnalit\u00e9 et style. Fabriqu\u00e9 \u00e0 partir de 100% de polyester de qualit\u00e9, ce sweat est le choix id\u00e9al pour une tenue d\u00e9contract\u00e9e et \u00e9l\u00e9gante.\",\"breadcrumb\":{\"@id\":\"https:\/\/www.scott.fr\/index.php\/produit\/sweat-kangou-bleu-marine\/#breadcrumb\"},\"inLanguage\":\"fr-FR\",\"potentialAction\":[{\"@type\":\"ReadAction\",\"target\":[\"https:\/\/www.scott.fr\/index.php\/produit\/sweat-kangou-bleu-marine\/\"]}]},{\"@type\":\"BreadcrumbList\",\"@id\":\"https:\/\/www.scott.fr\/index.php\/produit\/sweat-kangou-bleu-marine\/#breadcrumb\",\"itemListElement\":[{\"@type\":\"ListItem\",\"position\":1,\"name\":\"Accueil\",\"item\":\"https:\/\/www.scott.fr\/\"},{\"@type\":\"ListItem\",\"position\":2,\"name\":\"Produits\",\"item\":\"https:\/\/www.scott.fr\/index.php\/shop\/\"},{\"@type\":\"ListItem\",\"position\":3,\"name\":\"SWEAT KANGOU BLEU MARINE\"}]},{\"@type\":\"WebSite\",\"@id\":\"https:\/\/www.scott.fr\/#website\",\"url\":\"https:\/\/www.scott.fr\/\",\"name\":\"SCOTT\",\"description\":\"Boutique de V\u00eatement Homme Femme et Enfant\",\"publisher\":{\"@id\":\"https:\/\/www.scott.fr\/#organization\"},\"potentialAction\":[{\"@type\":\"SearchAction\",\"target\":{\"@type\":\"EntryPoint\",\"urlTemplate\":\"https:\/\/www.scott.fr\/?s={search_term_string}\"},\"query-input\":\"required name=search_term_string\"}],\"inLanguage\":\"fr-FR\"},{\"@type\":\"Organization\",\"@id\":\"https:\/\/www.scott.fr\/#organization\",\"name\":\"Scott\",\"url\":\"https:\/\/www.scott.fr\/\",\"logo\":{\"@type\":\"ImageObject\",\"inLanguage\":\"fr-FR\",\"@id\":\"https:\/\/www.scott.fr\/#\/schema\/logo\/image\/\",\"url\":\"https:\/\/www.scott.fr\/wp-content\/uploads\/2021\/06\/Logo-Scott.png\",\"contentUrl\":\"https:\/\/www.scott.fr\/wp-content\/uploads\/2021\/06\/Logo-Scott.png\",\"width\":1080,\"height\":680,\"caption\":\"Scott\"},\"image\":{\"@id\":\"https:\/\/www.scott.fr\/#\/schema\/logo\/image\/\"},\"sameAs\":[\"https:\/\/www.facebook.com\/ScottBrandFr\/\",\"https:\/\/www.instagram.com\/scottbrandfr\/\"]}]}<\/script>\n<!-- \/ Yoast SEO plugin. -->","yoast_head_json":{"title":"SWEAT KANGOU BLEU MARINE - SCOTT","description":"Plongez dans le confort avec notre sweat Kangou bleu marine \u00e0 capuche en molleton. Dot\u00e9 de 2 poches pratiques \u00e0 l'avant, d'un lien de serrage et d'une impression logo sur la poitrine, il combine fonctionnalit\u00e9 et style. Fabriqu\u00e9 \u00e0 partir de 100% de polyester de qualit\u00e9, ce sweat est le choix id\u00e9al pour une tenue d\u00e9contract\u00e9e et \u00e9l\u00e9gante.","robots":{"index":"index","follow":"follow","max-snippet":"max-snippet:-1","max-image-preview":"max-image-preview:large","max-video-preview":"max-video-preview:-1"},"canonical":"https:\/\/www.scott.fr\/index.php\/produit\/sweat-kangou-bleu-marine\/","og_locale":"fr_FR","og_type":"article","og_title":"SWEAT KANGOU BLEU MARINE - SCOTT","og_description":"Plongez dans le confort avec notre sweat Kangou bleu marine \u00e0 capuche en molleton. Dot\u00e9 de 2 poches pratiques \u00e0 l'avant, d'un lien de serrage et d'une impression logo sur la poitrine, il combine fonctionnalit\u00e9 et style. Fabriqu\u00e9 \u00e0 partir de 100% de polyester de qualit\u00e9, ce sweat est le choix id\u00e9al pour une tenue d\u00e9contract\u00e9e et \u00e9l\u00e9gante.","og_url":"https:\/\/www.scott.fr\/index.php\/produit\/sweat-kangou-bleu-marine\/","og_site_name":"SCOTT","article_publisher":"https:\/\/www.facebook.com\/ScottBrandFr\/","article_modified_time":"2026-03-18T10:05:15+00:00","og_image":[{"width":1280,"height":1920,"url":"https:\/\/www.scott.fr\/wp-content\/uploads\/2023\/09\/KANGOU-NAVY-01.jpg","type":"image\/jpeg"}],"twitter_card":"summary_large_image","twitter_misc":{"Dur\u00e9e de lecture estim\u00e9e":"1 minute"},"schema":{"@context":"https:\/\/schema.org","@graph":[{"@type":"WebPage","@id":"https:\/\/www.scott.fr\/index.php\/produit\/sweat-kangou-bleu-marine\/","url":"https:\/\/www.scott.fr\/index.php\/produit\/sweat-kangou-bleu-marine\/","name":"SWEAT KANGOU BLEU MARINE - SCOTT","isPartOf":{"@id":"https:\/\/www.scott.fr\/#website"},"datePublished":"2023-09-20T12:35:27+00:00","dateModified":"2026-03-18T10:05:15+00:00","description":"Plongez dans le confort avec notre sweat Kangou bleu marine \u00e0 capuche en molleton. Dot\u00e9 de 2 poches pratiques \u00e0 l'avant, d'un lien de serrage et d'une impression logo sur la poitrine, il combine fonctionnalit\u00e9 et style. Fabriqu\u00e9 \u00e0 partir de 100% de polyester de qualit\u00e9, ce sweat est le choix id\u00e9al pour une tenue d\u00e9contract\u00e9e et \u00e9l\u00e9gante.","breadcrumb":{"@id":"https:\/\/www.scott.fr\/index.php\/produit\/sweat-kangou-bleu-marine\/#breadcrumb"},"inLanguage":"fr-FR","potentialAction":[{"@type":"ReadAction","target":["https:\/\/www.scott.fr\/index.php\/produit\/sweat-kangou-bleu-marine\/"]}]},{"@type":"BreadcrumbList","@id":"https:\/\/www.scott.fr\/index.php\/produit\/sweat-kangou-bleu-marine\/#breadcrumb","itemListElement":[{"@type":"ListItem","position":1,"name":"Accueil","item":"https:\/\/www.scott.fr\/"},{"@type":"ListItem","position":2,"name":"Produits","item":"https:\/\/www.scott.fr\/index.php\/shop\/"},{"@type":"ListItem","position":3,"name":"SWEAT KANGOU BLEU MARINE"}]},{"@type":"WebSite","@id":"https:\/\/www.scott.fr\/#website","url":"https:\/\/www.scott.fr\/","name":"SCOTT","description":"Boutique de V\u00eatement Homme Femme et Enfant","publisher":{"@id":"https:\/\/www.scott.fr\/#organization"},"potentialAction":[{"@type":"SearchAction","target":{"@type":"EntryPoint","urlTemplate":"https:\/\/www.scott.fr\/?s={search_term_string}"},"query-input":"required name=search_term_string"}],"inLanguage":"fr-FR"},{"@type":"Organization","@id":"https:\/\/www.scott.fr\/#organization","name":"Scott","url":"https:\/\/www.scott.fr\/","logo":{"@type":"ImageObject","inLanguage":"fr-FR","@id":"https:\/\/www.scott.fr\/#\/schema\/logo\/image\/","url":"https:\/\/www.scott.fr\/wp-content\/uploads\/2021\/06\/Logo-Scott.png","contentUrl":"https:\/\/www.scott.fr\/wp-content\/uploads\/2021\/06\/Logo-Scott.png","width":1080,"height":680,"caption":"Scott"},"image":{"@id":"https:\/\/www.scott.fr\/#\/schema\/logo\/image\/"},"sameAs":["https:\/\/www.facebook.com\/ScottBrandFr\/","https:\/\/www.instagram.com\/scottbrandfr\/"]}]}},"_links":{"self":[{"href":"https:\/\/www.scott.fr\/index.php\/wp-json\/wp\/v2\/product\/19591"}],"collection":[{"href":"https:\/\/www.scott.fr\/index.php\/wp-json\/wp\/v2\/product"}],"about":[{"href":"https:\/\/www.scott.fr\/index.php\/wp-json\/wp\/v2\/types\/product"}],"replies":[{"embeddable":true,"href":"https:\/\/www.scott.fr\/index.php\/wp-json\/wp\/v2\/comments?post=19591"}],"version-history":[{"count":2,"href":"https:\/\/www.scott.fr\/index.php\/wp-json\/wp\/v2\/product\/19591\/revisions"}],"predecessor-version":[{"id":20389,"href":"https:\/\/www.scott.fr\/index.php\/wp-json\/wp\/v2\/product\/19591\/revisions\/20389"}],"wp:featuredmedia":[{"embeddable":true,"href":"https:\/\/www.scott.fr\/index.php\/wp-json\/wp\/v2\/media\/20383"}],"wp:attachment":[{"href":"https:\/\/www.scott.fr\/index.php\/wp-json\/wp\/v2\/media?parent=19591"}],"wp:term":[{"taxonomy":"product_cat","embeddable":true,"href":"https:\/\/www.scott.fr\/index.php\/wp-json\/wp\/v2\/product_cat?post=19591"},{"taxonomy":"product_tag","embeddable":true,"href":"https:\/\/www.scott.fr\/index.php\/wp-json\/wp\/v2\/product_tag?post=19591"}],"curies":[{"name":"wp","href":"https:\/\/api.w.org\/{rel}","templated":true}]}}