{"id":19349,"date":"2023-10-16T09:42:26","date_gmt":"2023-10-16T07:42:26","guid":{"rendered":"https:\/\/www.scott.fr\/?post_type=product&#038;p=19349"},"modified":"2026-03-18T15:39:33","modified_gmt":"2026-03-18T14:39:33","slug":"veste-kordou-gris","status":"publish","type":"product","link":"https:\/\/www.scott.fr\/index.php\/produit\/veste-kordou-gris\/","title":{"rendered":"VESTE KORDOU GRIS"},"content":{"rendered":"<p>Notre veste Kordou gris \u00e0 col montant avec zip central est un incontournable pour le style et le confort. Avec ses 2 poches lat\u00e9rales et 1 poche zipp\u00e9e plaqu\u00e9e sur la poitrine en tissu fa\u00e7on velours, elle allie fonctionnalit\u00e9 et \u00e9l\u00e9gance. Le col int\u00e9rieur doubl\u00e9 en sherpa vous garde au chaud et confortable. Un logo patch discret sur la manche ajoute une touche distinctive. Fabriqu\u00e9 \u00e0 100% en polyester de qualit\u00e9, cette veste est le choix parfait pour affronter le froid avec style.<\/p>\n","protected":false},"excerpt":{"rendered":"<p>Notre veste Kordou gris \u00e0 col montant avec zip central est un incontournable pour le style et le confort. Avec ses 2 poches lat\u00e9rales et 1 poche zipp\u00e9e plaqu\u00e9e sur la poitrine en tissu fa\u00e7on velours, elle allie fonctionnalit\u00e9 et \u00e9l\u00e9gance. Le col int\u00e9rieur doubl\u00e9 en sherpa vous garde au chaud et confortable. Un logo patch discret sur la manche ajoute une touche distinctive. Fabriqu\u00e9 \u00e0 100% en polyester de qualit\u00e9, cette veste est le choix parfait pour affronter le froid avec style.<\/p>\n<p>Composition: 100% polyester<br \/>\nLavage: 30\u00b0 en machine<br \/>\nLogo: SCOTT<br \/>\nMannequin mesure 1m80 porte la taille L<\/p>\n","protected":false},"featured_media":20402,"comment_status":"open","ping_status":"closed","template":"","meta":{"_monsterinsights_skip_tracking":false,"_monsterinsights_sitenote_active":false,"_monsterinsights_sitenote_note":"","_monsterinsights_sitenote_category":0,"_themeisle_gutenberg_block_has_review":false,"_kad_post_transparent":"default","_kad_post_title":"","_kad_post_layout":"default","_kad_post_sidebar_id":"","_kad_post_content_style":"default","_kad_post_vertical_padding":"default","_kad_post_feature":"","_kad_post_feature_position":"","_kad_post_header":false,"_kad_post_footer":false},"product_cat":[16,71],"product_tag":[],"acf":[],"yoast_head":"<!-- This site is optimized with the Yoast SEO plugin v20.8 - https:\/\/yoast.com\/wordpress\/plugins\/seo\/ -->\n<title>VESTE KORDOU GRIS - SCOTT<\/title>\n<meta name=\"description\" content=\"Notre veste Kordou gris \u00e0 col montant avec zip central est un incontournable pour le style et le confort. Avec ses 2 poches lat\u00e9rales et 1 poche zipp\u00e9e plaqu\u00e9e sur la poitrine en tissu fa\u00e7on velours, elle allie fonctionnalit\u00e9 et \u00e9l\u00e9gance. Le col int\u00e9rieur doubl\u00e9 en sherpa vous garde au chaud et confortable. Un logo patch discret sur la manche ajoute une touche distinctive. Fabriqu\u00e9 \u00e0 100% en polyester de qualit\u00e9, cette veste est le choix parfait pour affronter le froid avec style.\" \/>\n<meta name=\"robots\" content=\"index, follow, max-snippet:-1, max-image-preview:large, max-video-preview:-1\" \/>\n<link rel=\"canonical\" href=\"https:\/\/www.scott.fr\/index.php\/produit\/veste-kordou-gris\/\" \/>\n<meta property=\"og:locale\" content=\"fr_FR\" \/>\n<meta property=\"og:type\" content=\"article\" \/>\n<meta property=\"og:title\" content=\"VESTE KORDOU GRIS - SCOTT\" \/>\n<meta property=\"og:description\" content=\"Notre veste Kordou gris \u00e0 col montant avec zip central est un incontournable pour le style et le confort. Avec ses 2 poches lat\u00e9rales et 1 poche zipp\u00e9e plaqu\u00e9e sur la poitrine en tissu fa\u00e7on velours, elle allie fonctionnalit\u00e9 et \u00e9l\u00e9gance. Le col int\u00e9rieur doubl\u00e9 en sherpa vous garde au chaud et confortable. Un logo patch discret sur la manche ajoute une touche distinctive. Fabriqu\u00e9 \u00e0 100% en polyester de qualit\u00e9, cette veste est le choix parfait pour affronter le froid avec style.\" \/>\n<meta property=\"og:url\" content=\"https:\/\/www.scott.fr\/index.php\/produit\/veste-kordou-gris\/\" \/>\n<meta property=\"og:site_name\" content=\"SCOTT\" \/>\n<meta property=\"article:publisher\" content=\"https:\/\/www.facebook.com\/ScottBrandFr\/\" \/>\n<meta property=\"article:modified_time\" content=\"2026-03-18T14:39:33+00:00\" \/>\n<meta property=\"og:image\" content=\"https:\/\/www.scott.fr\/wp-content\/uploads\/2023\/09\/KORDOU-ANTHRACITE-01.jpg\" \/>\n\t<meta property=\"og:image:width\" content=\"1280\" \/>\n\t<meta property=\"og:image:height\" content=\"1920\" \/>\n\t<meta property=\"og:image:type\" content=\"image\/jpeg\" \/>\n<meta name=\"twitter:card\" content=\"summary_large_image\" \/>\n<meta name=\"twitter:label1\" content=\"Dur\u00e9e de lecture estim\u00e9e\" \/>\n\t<meta name=\"twitter:data1\" content=\"1 minute\" \/>\n<script type=\"application\/ld+json\" class=\"yoast-schema-graph\">{\"@context\":\"https:\/\/schema.org\",\"@graph\":[{\"@type\":\"WebPage\",\"@id\":\"https:\/\/www.scott.fr\/index.php\/produit\/veste-kordou-gris\/\",\"url\":\"https:\/\/www.scott.fr\/index.php\/produit\/veste-kordou-gris\/\",\"name\":\"VESTE KORDOU GRIS - SCOTT\",\"isPartOf\":{\"@id\":\"https:\/\/www.scott.fr\/#website\"},\"datePublished\":\"2023-10-16T07:42:26+00:00\",\"dateModified\":\"2026-03-18T14:39:33+00:00\",\"description\":\"Notre veste Kordou gris \u00e0 col montant avec zip central est un incontournable pour le style et le confort. Avec ses 2 poches lat\u00e9rales et 1 poche zipp\u00e9e plaqu\u00e9e sur la poitrine en tissu fa\u00e7on velours, elle allie fonctionnalit\u00e9 et \u00e9l\u00e9gance. Le col int\u00e9rieur doubl\u00e9 en sherpa vous garde au chaud et confortable. Un logo patch discret sur la manche ajoute une touche distinctive. Fabriqu\u00e9 \u00e0 100% en polyester de qualit\u00e9, cette veste est le choix parfait pour affronter le froid avec style.\",\"breadcrumb\":{\"@id\":\"https:\/\/www.scott.fr\/index.php\/produit\/veste-kordou-gris\/#breadcrumb\"},\"inLanguage\":\"fr-FR\",\"potentialAction\":[{\"@type\":\"ReadAction\",\"target\":[\"https:\/\/www.scott.fr\/index.php\/produit\/veste-kordou-gris\/\"]}]},{\"@type\":\"BreadcrumbList\",\"@id\":\"https:\/\/www.scott.fr\/index.php\/produit\/veste-kordou-gris\/#breadcrumb\",\"itemListElement\":[{\"@type\":\"ListItem\",\"position\":1,\"name\":\"Accueil\",\"item\":\"https:\/\/www.scott.fr\/\"},{\"@type\":\"ListItem\",\"position\":2,\"name\":\"Produits\",\"item\":\"https:\/\/www.scott.fr\/index.php\/shop\/\"},{\"@type\":\"ListItem\",\"position\":3,\"name\":\"VESTE KORDOU GRIS\"}]},{\"@type\":\"WebSite\",\"@id\":\"https:\/\/www.scott.fr\/#website\",\"url\":\"https:\/\/www.scott.fr\/\",\"name\":\"SCOTT\",\"description\":\"Boutique de V\u00eatement Homme Femme et Enfant\",\"publisher\":{\"@id\":\"https:\/\/www.scott.fr\/#organization\"},\"potentialAction\":[{\"@type\":\"SearchAction\",\"target\":{\"@type\":\"EntryPoint\",\"urlTemplate\":\"https:\/\/www.scott.fr\/?s={search_term_string}\"},\"query-input\":\"required name=search_term_string\"}],\"inLanguage\":\"fr-FR\"},{\"@type\":\"Organization\",\"@id\":\"https:\/\/www.scott.fr\/#organization\",\"name\":\"Scott\",\"url\":\"https:\/\/www.scott.fr\/\",\"logo\":{\"@type\":\"ImageObject\",\"inLanguage\":\"fr-FR\",\"@id\":\"https:\/\/www.scott.fr\/#\/schema\/logo\/image\/\",\"url\":\"https:\/\/www.scott.fr\/wp-content\/uploads\/2021\/06\/Logo-Scott.png\",\"contentUrl\":\"https:\/\/www.scott.fr\/wp-content\/uploads\/2021\/06\/Logo-Scott.png\",\"width\":1080,\"height\":680,\"caption\":\"Scott\"},\"image\":{\"@id\":\"https:\/\/www.scott.fr\/#\/schema\/logo\/image\/\"},\"sameAs\":[\"https:\/\/www.facebook.com\/ScottBrandFr\/\",\"https:\/\/www.instagram.com\/scottbrandfr\/\"]}]}<\/script>\n<!-- \/ Yoast SEO plugin. -->","yoast_head_json":{"title":"VESTE KORDOU GRIS - SCOTT","description":"Notre veste Kordou gris \u00e0 col montant avec zip central est un incontournable pour le style et le confort. Avec ses 2 poches lat\u00e9rales et 1 poche zipp\u00e9e plaqu\u00e9e sur la poitrine en tissu fa\u00e7on velours, elle allie fonctionnalit\u00e9 et \u00e9l\u00e9gance. Le col int\u00e9rieur doubl\u00e9 en sherpa vous garde au chaud et confortable. Un logo patch discret sur la manche ajoute une touche distinctive. Fabriqu\u00e9 \u00e0 100% en polyester de qualit\u00e9, cette veste est le choix parfait pour affronter le froid avec style.","robots":{"index":"index","follow":"follow","max-snippet":"max-snippet:-1","max-image-preview":"max-image-preview:large","max-video-preview":"max-video-preview:-1"},"canonical":"https:\/\/www.scott.fr\/index.php\/produit\/veste-kordou-gris\/","og_locale":"fr_FR","og_type":"article","og_title":"VESTE KORDOU GRIS - SCOTT","og_description":"Notre veste Kordou gris \u00e0 col montant avec zip central est un incontournable pour le style et le confort. Avec ses 2 poches lat\u00e9rales et 1 poche zipp\u00e9e plaqu\u00e9e sur la poitrine en tissu fa\u00e7on velours, elle allie fonctionnalit\u00e9 et \u00e9l\u00e9gance. Le col int\u00e9rieur doubl\u00e9 en sherpa vous garde au chaud et confortable. Un logo patch discret sur la manche ajoute une touche distinctive. Fabriqu\u00e9 \u00e0 100% en polyester de qualit\u00e9, cette veste est le choix parfait pour affronter le froid avec style.","og_url":"https:\/\/www.scott.fr\/index.php\/produit\/veste-kordou-gris\/","og_site_name":"SCOTT","article_publisher":"https:\/\/www.facebook.com\/ScottBrandFr\/","article_modified_time":"2026-03-18T14:39:33+00:00","og_image":[{"width":1280,"height":1920,"url":"https:\/\/www.scott.fr\/wp-content\/uploads\/2023\/09\/KORDOU-ANTHRACITE-01.jpg","type":"image\/jpeg"}],"twitter_card":"summary_large_image","twitter_misc":{"Dur\u00e9e de lecture estim\u00e9e":"1 minute"},"schema":{"@context":"https:\/\/schema.org","@graph":[{"@type":"WebPage","@id":"https:\/\/www.scott.fr\/index.php\/produit\/veste-kordou-gris\/","url":"https:\/\/www.scott.fr\/index.php\/produit\/veste-kordou-gris\/","name":"VESTE KORDOU GRIS - SCOTT","isPartOf":{"@id":"https:\/\/www.scott.fr\/#website"},"datePublished":"2023-10-16T07:42:26+00:00","dateModified":"2026-03-18T14:39:33+00:00","description":"Notre veste Kordou gris \u00e0 col montant avec zip central est un incontournable pour le style et le confort. Avec ses 2 poches lat\u00e9rales et 1 poche zipp\u00e9e plaqu\u00e9e sur la poitrine en tissu fa\u00e7on velours, elle allie fonctionnalit\u00e9 et \u00e9l\u00e9gance. Le col int\u00e9rieur doubl\u00e9 en sherpa vous garde au chaud et confortable. Un logo patch discret sur la manche ajoute une touche distinctive. Fabriqu\u00e9 \u00e0 100% en polyester de qualit\u00e9, cette veste est le choix parfait pour affronter le froid avec style.","breadcrumb":{"@id":"https:\/\/www.scott.fr\/index.php\/produit\/veste-kordou-gris\/#breadcrumb"},"inLanguage":"fr-FR","potentialAction":[{"@type":"ReadAction","target":["https:\/\/www.scott.fr\/index.php\/produit\/veste-kordou-gris\/"]}]},{"@type":"BreadcrumbList","@id":"https:\/\/www.scott.fr\/index.php\/produit\/veste-kordou-gris\/#breadcrumb","itemListElement":[{"@type":"ListItem","position":1,"name":"Accueil","item":"https:\/\/www.scott.fr\/"},{"@type":"ListItem","position":2,"name":"Produits","item":"https:\/\/www.scott.fr\/index.php\/shop\/"},{"@type":"ListItem","position":3,"name":"VESTE KORDOU GRIS"}]},{"@type":"WebSite","@id":"https:\/\/www.scott.fr\/#website","url":"https:\/\/www.scott.fr\/","name":"SCOTT","description":"Boutique de V\u00eatement Homme Femme et Enfant","publisher":{"@id":"https:\/\/www.scott.fr\/#organization"},"potentialAction":[{"@type":"SearchAction","target":{"@type":"EntryPoint","urlTemplate":"https:\/\/www.scott.fr\/?s={search_term_string}"},"query-input":"required name=search_term_string"}],"inLanguage":"fr-FR"},{"@type":"Organization","@id":"https:\/\/www.scott.fr\/#organization","name":"Scott","url":"https:\/\/www.scott.fr\/","logo":{"@type":"ImageObject","inLanguage":"fr-FR","@id":"https:\/\/www.scott.fr\/#\/schema\/logo\/image\/","url":"https:\/\/www.scott.fr\/wp-content\/uploads\/2021\/06\/Logo-Scott.png","contentUrl":"https:\/\/www.scott.fr\/wp-content\/uploads\/2021\/06\/Logo-Scott.png","width":1080,"height":680,"caption":"Scott"},"image":{"@id":"https:\/\/www.scott.fr\/#\/schema\/logo\/image\/"},"sameAs":["https:\/\/www.facebook.com\/ScottBrandFr\/","https:\/\/www.instagram.com\/scottbrandfr\/"]}]}},"_links":{"self":[{"href":"https:\/\/www.scott.fr\/index.php\/wp-json\/wp\/v2\/product\/19349"}],"collection":[{"href":"https:\/\/www.scott.fr\/index.php\/wp-json\/wp\/v2\/product"}],"about":[{"href":"https:\/\/www.scott.fr\/index.php\/wp-json\/wp\/v2\/types\/product"}],"replies":[{"embeddable":true,"href":"https:\/\/www.scott.fr\/index.php\/wp-json\/wp\/v2\/comments?post=19349"}],"version-history":[{"count":3,"href":"https:\/\/www.scott.fr\/index.php\/wp-json\/wp\/v2\/product\/19349\/revisions"}],"predecessor-version":[{"id":24418,"href":"https:\/\/www.scott.fr\/index.php\/wp-json\/wp\/v2\/product\/19349\/revisions\/24418"}],"wp:featuredmedia":[{"embeddable":true,"href":"https:\/\/www.scott.fr\/index.php\/wp-json\/wp\/v2\/media\/20402"}],"wp:attachment":[{"href":"https:\/\/www.scott.fr\/index.php\/wp-json\/wp\/v2\/media?parent=19349"}],"wp:term":[{"taxonomy":"product_cat","embeddable":true,"href":"https:\/\/www.scott.fr\/index.php\/wp-json\/wp\/v2\/product_cat?post=19349"},{"taxonomy":"product_tag","embeddable":true,"href":"https:\/\/www.scott.fr\/index.php\/wp-json\/wp\/v2\/product_tag?post=19349"}],"curies":[{"name":"wp","href":"https:\/\/api.w.org\/{rel}","templated":true}]}}